, 11, 29, 83
What are the prime factors of 21778690?
2, 5, 293, 7433
What are the prime factors of 40541?
71, 571
What are the prime factors of 3944357?
17, 67, 3463
What are the prime factors of 878120?
2, 5, 29, 757
What are the prime factors of 18826229?
37, 508817
List the prime factors of 182210.
2, 5, 7, 19, 137
List the prime factors of 1483380.
2, 3, 5, 41, 67
What are the prime factors of 23844?
2, 3, 1987
List the prime factors of 392504.
2, 7, 43, 163
List the prime factors of 3617769.
3, 179, 6737
List the prime factors of 17644766.
2, 31, 284593
What are the prime factors of 1009748?
2, 41, 47, 131
What are the prime factors of 174284?
2, 11, 17, 233
What are the prime factors of 15656873?
15656873
What are the prime factors of 2895100?
2, 5, 13, 17, 131
What are the prime factors of 19584650?
2, 5, 391693
List the prime factors of 2628817.
2628817
What are the prime factors of 77723?
77723
What are the prime factors of 3938574?
2, 3, 656429
What are the prime factors of 2072860?
2, 5, 103643
What are the prime factors of 2522358?
2, 3, 17, 8243
What are the prime factors of 919139?
13, 17, 4159
List the prime factors of 278235.
3, 5, 229
What are the prime factors of 12487522?
2, 19, 328619
What are the prime factors of 648555?
3, 5, 43237
List the prime factors of 4608482.
2, 41, 43, 1307
List the prime factors of 4171451.
4171451
What are the prime factors of 1678326?
2, 3, 13, 21517
What are the prime factors of 5653135?
5, 1130627
List the prime factors of 89717.
73, 1229
List the prime factors of 262890.
2, 3, 5, 23, 127
What are the prime factors of 2040955?
5, 7, 58313
What are the prime factors of 126005?
5, 11, 29, 79
What are the prime factors of 34055?
5, 7, 139
List the prime factors of 680055.
3, 5, 45337
What are the prime factors of 98050?
2, 5, 37, 53
List the prime factors of 13298884.
2, 3324721
What are the prime factors of 6574155?
3, 5, 7, 17, 29, 127
List the prime factors of 645660.
2, 3, 5, 17, 211
List the prime factors of 1808772.
2, 3, 7, 61, 353
List the prime factors of 827285.
5, 165457
List the prime factors of 282354.
2, 3, 47059
List the prime factors of 761636.
2, 190409
List the prime factors of 836047.
836047
List the prime factors of 231108.
2, 3, 19259
What are the prime factors of 16336761?
3, 7, 499, 1559
List the prime factors of 10623631.
23, 139, 3323
List the prime factors of 3730181.
7, 13, 179, 229
List the prime factors of 3977755.
5, 795551
List the prime factors of 249768.
2, 3, 3469
What are the prime factors of 1486849?
7, 13, 16339
List the prime factors of 11084903.
47, 235849
List the prime factors of 23588015.
5, 11, 428873
List the prime factors of 2698925.
5, 89, 1213
What are the prime factors of 218461?
218461
List the prime factors of 291718.
2, 7, 67, 311
What are the prime factors of 802528?
2, 31, 809
List the prime factors of 5095325.
5, 17, 19, 631
What are the prime factors of 3921971?
3921971
What are the prime factors of 387017?
387017
What are the prime factors of 7806126?
2, 3, 1301021
List the prime factors of 662456.
2, 17, 4871
List the prime factors of 6754603.
6754603
What are the prime factors of 64306?
2, 11, 37, 79
What are the prime factors of 24258677?
17, 1426981
What are the prime factors of 272563?
272563
List the prime factors of 3517455.
3, 5, 421, 557
What are the prime factors of 4562370?
2, 3, 5, 163, 311
What are the prime factors of 181915?
5, 36383
List the prime factors of 11184009.
3, 601, 6203
What are the prime factors of 1491?
3, 7, 71
What are the prime factors of 350098?
2, 7, 17, 1471
What are the prime factors of 202328?
2, 7, 3613
What are the prime factors of 216563?
17, 12739
List the prime factors of 411493.
23, 17891
List the prime factors of 1203122.
2, 211, 2851
What are the prime factors of 1726223?
41, 71, 593
List the prime factors of 2722791.
3, 59, 15383
List the prime factors of 121517.
11, 11047
List the prime factors of 8788201.
17, 47, 647
List the prime factors of 3176919.
3, 352991
List the prime factors of 35962.
2, 17981
List the prime factors of 1734189.
3, 578063
List the prime factors of 9919304.
2, 1239913
What are the prime factors of 28882886?
2, 31, 241, 1933
List the prime factors of 1312185.
3, 5, 7, 12497
List the prime factors of 344507.
37, 9311
What are the prime factors of 7164196?
2, 13, 311, 443
List the prime factors of 1237563.
3, 137507
What are the prime factors of 1647113?
13, 17, 29, 257
What are the prime factors of 1291719?
3, 11, 13, 3011
What are the prime factors of 12221945?
5, 607, 4027
List the prime factors of 295591.
295591
What are the prime factors of 404048?
2, 25253
List the prime factors of 575205.
3, 5, 31, 1237
What are the prime factors of 197292?
2, 3, 41, 401
What are the prime factors of 607640?
2, 5, 11, 1381
List the prime factors of 2364381.
3, 262709
What are the prime factors of 1348504?
2, 59, 2857
List the prime factors of 252530.
2, 5, 25253
What are the prime factors of 704467?
23, 109, 281
What are the prime factors of 817490?
2, 5, 81749
List the prime factors of 2590989.
3, 73, 11831
What are the prime factors of 111561?
3, 41, 907
What are the prime factors of 353382?
2, 3, 58897
List the prime factors of 9619351.
7, 113, 12161
List the prime factors of 1355019.
3, 17, 163
List the prime factors of 780716.
2, 71, 2749
What are the prime factors of 780721?
780721
List the prime factors of 942029.
11, 85639
List the prime factors of 1723637.
1723637
List the prime factors of 1073408.
2, 7, 599
What are the prime factors of 20461356?
2, 3, 29, 47, 139
List the prime factors of 4929720.
2, 3, 5, 41081
What are the prime factors of 417880?
2, 5, 31, 337
List the prime factors of 70435.
5, 14087
What are the prime factors of 13620302?
2, 19, 358429
What are the prime factors of 11659424?
2, 7, 52051
List the prime factors of 1594437.
3, 13, 40883
What are the prime factors of 28628044?
2, 7157011
List the prime factors of 521735.
5, 104347
What are the prime factors of 426638?
2, 213319
List the prime factors of 11524209.
3, 3841403
What are the prime factors of 386236?
2, 223, 433
List the prime factors of 53626.
2, 26813
What are the prime factors of 99527?
99527
List the prime factors of 459004.
2, 7, 13, 97
List the prime factors of 876825.
3, 5, 433
List the prime factors of 30276887.
30276887
List the prime factors of 509344.
2, 11, 1447
What are the prime factors of 23205?
3, 5, 7, 13, 17
List the prime factors of 59473.
59473
What are the prime factors of 114417?
3, 12713
List the prime factors of 1373041.
1373041
List the prime factors of 222579.
3, 7, 3533
What are the prime factors of 986243?
541, 1823
What are the prime factors of 1344100?
2, 5, 13441
What are the prime factors of 579435?
3, 5, 38629
What are the prime factors of 176885?
5, 17, 2081
List the prime factors of 761364.
2, 3, 21149
List the prime factors of 2680077.
3, 893359
What are the prime factors of 297861?
3, 43, 2309
What are the prime factors of 14232512?
2, 7, 31769
What are the prime factors of 134036?
2, 7, 4787
List the prime factors of 9993456.
2, 3, 11, 701
List the prime factors of 19384971.
3, 6461657
What are the prime factors of 1909151?
17, 112303
What are the prime factors of 1852853?
277, 6689
List the prime factors of 7004541.
3, 107, 21821
List the prime factors of 1511780.
2, 5, 269, 281
List the prime factors of 323625.
3, 5, 863
List the prime factors of 3542520.
2, 3, 5, 53, 557
List the prime factors of 1586224.
2, 99139
What are the prime factors of 15183089?
79, 192191
List the prime factors of 1571250.
2, 3, 5, 419
List the prime factors of 295315.
5, 59063
What are the prime factors of 13148985?
3, 5, 23, 38113
What are the prime factors of 9385435?
5, 1877087
What are the prime factors of 41938344?
2, 3, 7, 27737
What are the prime factors of 1486185?
3, 5, 99079
List the prime factors of 11650020.
2, 3, 5, 194167
List the prime factors of 1065889.
11, 23, 383
What are the prime factors of 395338?
2, 89, 2221
List the prime factors of 1796510.
2, 5, 179651
What are the prime factors of 1451628?
2, 3, 13441
What are the prime factors of 12688737?
3, 4229579
What are the prime factors of 538859?
19, 79, 359
List the prime factors of 1527559.
11, 138869